 digit of 3111678?
1
What is the ten thousands digit of 6218972?
1
What is the hundreds digit of 242599?
5
What is the ten thousands digit of 1053015?
5
What is the ten thousands digit of 51076?
5
What is the units digit of 7373351?
1
What is the hundred thousands digit of 289111?
2
What is the thousands digit of 12724673?
4
What is the hundreds digit of 2056227?
2
What is the hundred thousands digit of 393008?
3
What is the ten thousands digit of 2755723?
5
What is the units digit of 5114020?
0
What is the hundreds digit of 3262152?
1
What is the hundred thousands digit of 625812?
6
What is the thousands digit of 292347?
2
What is the tens digit of 408771?
7
What is the hundred thousands digit of 860944?
8
What is the tens digit of 388463?
6
What is the units digit of 645316?
6
What is the hundreds digit of 4895169?
1
What is the hundreds digit of 3079162?
1
What is the hundred thousands digit of 22038682?
0
What is the ten thousands digit of 3849557?
4
What is the ten thousands digit of 8040899?
4
What is the ten thousands digit of 1545799?
4
What is the hundred thousands digit of 345177?
3
What is the ten millions digit of 13644486?
1
What is the ten thousands digit of 44500?
4
What is the tens digit of 3032520?
2
What is the thousands digit of 155185?
5
What is the units digit of 187955?
5
What is the units digit of 4064253?
3
What is the ten thousands digit of 14364509?
6
What is the thousands digit of 11473570?
3
What is the ten thousands digit of 23741230?
4
What is the tens digit of 202263?
6
What is the thousands digit of 11231310?
1
What is the thousands digit of 302819?
2
What is the units digit of 521618?
8
What is the tens digit of 929918?
1
What is the tens digit of 249295?
9
What is the tens digit of 833384?
8
What is the thousands digit of 1025992?
5
What is the ten thousands digit of 55770?
5
What is the hundred thousands digit of 1289979?
2
What is the units digit of 571007?
7
What is the units digit of 296161?
1
What is the units digit of 199935?
5
What is the hundreds digit of 9078646?
6
What is the hundred thousands digit of 1263092?
2
What is the millions digit of 6533362?
6
What is the units digit of 1836357?
7
What is the hundred thousands digit of 686867?
6
What is the thousands digit of 185618?
5
What is the ten thousands digit of 14360591?
6
What is the units digit of 395438?
8
What is the units digit of 1667139?
9
What is the units digit of 565952?
2
What is the units digit of 36207?
7
What is the ten thousands digit of 7932184?
3
What is the hundred thousands digit of 686976?
6
What is the tens digit of 5557925?
2
What is the thousands digit of 793726?
3
What is the ten thousands digit of 18052673?
5
What is the hundreds digit of 731380?
3
What is the ten thousands digit of 261716?
6
What is the units digit of 19251?
1
What is the units digit of 243421?
1
What is the tens digit of 1886031?
3
What is the units digit of 519557?
7
What is the ten thousands digit of 573557?
7
What is the hundred thousands digit of 4078248?
0
What is the thousands digit of 365230?
5
What is the units digit of 195212?
2
What is the ten thousands digit of 3196231?
9
What is the hundreds digit of 42528?
5
What is the ten millions digit of 10027858?
1
What is the ten thousands digit of 115074?
1
What is the ten thousands digit of 1119844?
1
What is the thousands digit of 110076?
0
What is the thousands digit of 85270?
5
What is the thousands digit of 30790314?
0
What is the hundreds digit of 138523?
5
What is the units digit of 144846?
6
What is the tens digit of 2374950?
5
What is the ten thousands digit of 7330051?
3
What is the units digit of 109664?
4
What is the hundred thousands digit of 9546407?
5
What is the thousands digit of 2330?
2
What is the units digit of 282655?
5
What is the units digit of 4129496?
6
What is the hundreds digit of 184293?
2
What is the units digit of 12703030?
0
What is the hundreds digit of 30345?
3
What is the hundred thousands digit of 285633?
2
What is the hundred thousands digit of 7189244?
1
What is the thousands digit of 2209576?
9
What is the thousands digit of 5022365?
2
What is the ten thousands digit of 9383996?
8
What is the units digit of 5205536?
6
What is the units digit of 52412?
2
What is the hundreds digit of 2221633?
6
What is the thousands digit of 321475?
1
What is the millions digit of 10748869?
0
What is the hundreds digit of 96986?
9
What is the tens digit of 328106?
0
What is the ten thousands digit of 17501207?
0
What is the units digit of 153251?
1
What is the hundred thousands digit of 3222840?
2
What is the thousands digit of 4542830?
2
What is the units digit of 340156?
6
What is the hundred thousands digit of 211425?
2
What is the ten thousands digit of 18721348?
2
What is the units digit of 3594437?
7
What is the ten thousands digit of 8753711?
5
What is the thousands digit of 6332?
6
What is the tens digit of 753896?
9
What is the tens digit of 30945?
4
What is the thousands digit of 48941?
8
What is the thousands digit of 2251592?
1
What is the hundreds digit of 249999?
9
What is the hundred thousands digit of 241774?
2
What is the millions digit of 1606851?
1
What is the ten millions digit of 10835140?
1
What is the hundreds digit of 1564029?
0
What is the ten thousands digit of 21909216?
0
What is the thousands digit of 2080016?
0
What is the hundred thousands digit of 19615356?
6
What is the hundred thousands digit of 463137?
4
What is the tens digit of 12709243?
4
What is the hundred thousands digit of 2048729?
0
What is the ten millions digit of 14878654?
1
What is the units digit of 12636?
6
What is the tens digit of 367813?
1
What is the ten thousands digit of 9648667?
4
What is the hundred thousands digit of 3098987?
0
What is the hundreds digit of 7278714?
7
What is the thousands digit of 267535?
7
What is the units digit of 146376?
6
What is the thousands digit of 1329486?
9
What is the tens digit of 1272912?
1
What is the thousands digit of 54212?
4
What is the thousands digit of 1573801?
3
What is the hundreds digit of 1198388?
3
What is the ten thousands digit of 1684473?
8
What is the thousands digit of 1404162?
4
What is the thousands digit of 20464483?
4
What is the hundred thousands digit of 24689635?
6
What is the ten thousands digit of 3175036?
7
What is the hundred thousands digit of 904698?
9
What is the tens digit of 111682?
8
What is the tens digit of 37316?
1
What is the hundred thousands digit of 5345952?
3
What is the hundreds digit of 2435849?
8
What is the hundred thousands digit of 1467209?
4
What is the hundreds digit of 2451308?
3
What is the hundreds digit of 952627?
6
What is the ten thousands digit of 38630?
3
What is the hundred thousands digit of 224807?
2
What is the tens digit of 7853016?
1
What is the millions digit of 1119966?
1
What is the units digit of 72313?
3
What is the units digit of 801330?
0
What is the thousands digit of 310322?
0
What is the hundred thousands digit of 1222051?
2
What is the hundred thousands digit of 233191?
2
What is the hundred thousands digit of 24142861?
1
What is the ten thousands digit of 1072491?
7
What is the tens digit of 24762344?
4
What is the tens digit of 81864?
6
What is the units digit of 929162?
2
What is the thousands digit of 18724866?
4
What is the thousands digit of 677865?
7
What is the units digit of 388682?
2
What is the tens digit of 224354?
5
What is the thousands digit of 66709?
6
What is the units digit of 2178759?
9
What is the thousands digit of 330853?
0
What is the tens digit of 24840?
4
What is the millions digit of 2773773?
2
What is the hundreds digit of 534110?
1
What is the units digit of 699821?
1
What is the hundreds digit of 4675319?
3
What is the thousands digit of 5907112?
7
What is the ten thousands digit of 361525?
6
What is the ten thousands digit of 1111023?
1
What is the ten millions digit of 26758133?
2
What is the millions digit of 3883492?
3
What is the millions digit of 30482931?
0
What is the tens digit of 2382644?
4
What is the thousands digit of 11995768?
5
What is the thousands digit of 2778363?
8
What is the tens digit of 28539644?
4
What is the millions digit of 1797380?
1
What is the thousands digit of 107772?
7
What is the thousands digit of 91130